93302823?
0
What is the hundred millions digit of 121634612?
1
What is the thousands digit of 125882614?
2
What is the units digit of 56073632?
2
What is the hundred millions digit of 1094742444?
0
What is the ten millions digit of 31127802?
3
What is the units digit of 17173006?
6
What is the millions digit of 742845462?
2
What is the ten millions digit of 41816426?
4
What is the millions digit of 372207003?
2
What is the units digit of 90101658?
8
What is the millions digit of 920857429?
0
What is the hundreds digit of 694212431?
4
What is the millions digit of 224094254?
4
What is the millions digit of 136182457?
6
What is the hundred thousands digit of 87738856?
7
What is the ten millions digit of 314100178?
1
What is the thousands digit of 153348905?
8
What is the millions digit of 1341792642?
1
What is the units digit of 104260846?
6
What is the hundreds digit of 120770980?
9
What is the hundred millions digit of 1335296250?
3
What is the thousands digit of 1055571548?
1
What is the units digit of 213404651?
1
What is the ten thousands digit of 356980955?
8
What is the hundred thousands digit of 3473229915?
2
What is the ten millions digit of 803838163?
0
What is the ten thousands digit of 558272362?
7
What is the hundreds digit of 237681461?
4
What is the hundred thousands digit of 43730311?
7
What is the hundreds digit of 405798779?
7
What is the ten thousands digit of 81403147?
0
What is the ten thousands digit of 221818922?
1
What is the units digit of 25763494?
4
What is the hundred thousands digit of 21115560?
1
What is the millions digit of 35870520?
5
What is the millions digit of 114597381?
4
What is the hundred thousands digit of 837245766?
2
What is the tens digit of 153512646?
4
What is the tens digit of 316147816?
1
What is the hundreds digit of 24485763?
7
What is the billions digit of 3278001274?
3
What is the hundreds digit of 513755987?
9
What is the thousands digit of 715561?
5
What is the tens digit of 515169895?
9
What is the hundreds digit of 3772159?
1
What is the hundred thousands digit of 31965150?
9
What is the units digit of 24326783?
3
What is the hundreds digit of 70516699?
6
What is the tens digit of 442074574?
7
What is the hundred thousands digit of 21076728?
0
What is the hundreds digit of 72160021?
0
What is the millions digit of 121297233?
1
What is the tens digit of 1856538834?
3
What is the ten thousands digit of 268429025?
2
What is the millions digit of 651394869?
1
What is the millions digit of 1208160391?
8
What is the ten thousands digit of 72290365?
9
What is the thousands digit of 749136186?
6
What is the ten millions digit of 3384278198?
8
What is the hundred thousands digit of 629876?
6
What is the thousands digit of 100482461?
2
What is the hundred thousands digit of 31990962?
9
What is the billions digit of 2511110124?
2
What is the ten millions digit of 90410215?
9
What is the thousands digit of 71952793?
2
What is the ten thousands digit of 794639333?
3
What is the hundred millions digit of 2363769479?
3
What is the thousands digit of 498215545?
5
What is the millions digit of 5305540102?
5
What is the ten thousands digit of 297454890?
5
What is the thousands digit of 46285294?
5
What is the units digit of 29471916?
6
What is the millions digit of 901047887?
1
What is the millions digit of 598557095?
8
What is the millions digit of 188914536?
8
What is the ten thousands digit of 102431309?
3
What is the hundreds digit of 39942356?
3
What is the tens digit of 1640196512?
1
What is the hundred thousands digit of 46226600?
2
What is the units digit of 3112548922?
2
What is the hundred millions digit of 185301518?
1
What is the billions digit of 1498231943?
1
What is the ten thousands digit of 948959884?
5
What is the hundreds digit of 110171426?
4
What is the ten millions digit of 66494909?
6
What is the hundreds digit of 12180350?
3
What is the hundred thousands digit of 796560298?
5
What is the hundred thousands digit of 101582250?
5
What is the thousands digit of 1862593527?
3
What is the thousands digit of 2972937692?
7
What is the hundreds digit of 106173659?
6
What is the millions digit of 100018192?
0
What is the units digit of 135388188?
8
What is the hundred millions digit of 1823693397?
8
What is the tens digit of 18797664?
6
What is the ten thousands digit of 760430353?
3
What is the hundreds digit of 1089542638?
6
What is the ten millions digit of 653460414?
5
What is the hundreds digit of 1190392218?
2
What is the tens digit of 942966794?
9
What is the tens digit of 194461155?
5
What is the hundred millions digit of 9145751987?
1
What is the tens digit of 731073748?
4
What is the units digit of 211106600?
0
What is the millions digit of 1994112665?
4
What is the hundreds digit of 15059310?
3
What is the thousands digit of 199313726?
3
What is the hundred thousands digit of 1829303965?
3
What is the tens digit of 38159807?
0
What is the millions digit of 75115390?
5
What is the hundred thousands digit of 102875838?
8
What is the tens digit of 424469551?
5
What is the hundred thousands digit of 132365142?
3
What is the units digit of 2049282638?
8
What is the units digit of 804645263?
3
What is the ten thousands digit of 830834981?
3
What is the hundreds digit of 16139420?
4
What is the millions digit of 51302223?
1
What is the ten millions digit of 287204537?
8
What is the ten millions digit of 1633591971?
3
What is the ten millions digit of 1101260194?
0
What is the thousands digit of 31374465?
4
What is the hundred thousands digit of 42368802?
3
What is the hundreds digit of 194757151?
1
What is the ten thousands digit of 710790284?
9
What is the hundred thousands digit of 2226315?
2
What is the hundreds digit of 893125537?
5
What is the tens digit of 208472200?
0
What is the thousands digit of 1102131156?
1
What is the tens digit of 153506123?
2
What is the tens digit of 38901618?
1
What is the millions digit of 122482377?
2
What is the units digit of 501417759?
9
What is the ten millions digit of 905340200?
0
What is the ten millions digit of 163671343?
6
What is the ten thousands digit of 2085235124?
3
What is the hundred millions digit of 1882550640?
8
What is the ten thousands digit of 9354133?
5
What is the millions digit of 52453924?
2
What is the hundred thousands digit of 51451830?
4
What is the hundred thousands digit of 284364733?
3
What is the ten millions digit of 341947197?
4
What is the ten millions digit of 122412156?
2
What is the tens digit of 7601235258?
5
What is the hundred millions digit of 3888153486?
8
What is the ten thousands digit of 1764276847?
7
What is the hundred millions digit of 4837074487?
8
What is the hundreds digit of 211626555?
5
What is the hundred thousands digit of 391540129?
5
What is the ten millions digit of 4630698979?
3
What is the ten thousands digit of 1303084622?
8
What is the units digit of 354895179?
9
What is the hundred thousands digit of 3298791135?
7
What is the hundreds digit of 28986838?
8
What is the hundred thousands digit of 2950040249?
0
What is the ten thousands digit of 1382006546?
0
What is the hundreds digit of 57383959?
9
What is the hundreds digit of 634381624?
6
What is the thousands digit of 997026838?
6
What is the ten thousands digit of 5381906513?
0
What is the units digit of 702499811?
1
What is the hundreds digit of 12176821?
8
What is the units digit of 59401262?
2
What is the ten thousands digit of 45799408?
9
What is the hundred millions digit of 805724687?
8
What is the tens digit of 37192059?
5
What is the units digit of 316780476?
6
What is the millions digit of 723781332?
3
What is the ten millions digit of 33478094?
3
What is the millions digit of 14458890?
4
What is the hundreds digit of 294784452?
4
What is the units digit of 3574590?
0
What is the millions digit of 111426072?
1
What is the ten thousands digit of 2556828118?
2
What is the hundreds digit of 6040122?
1
What is the thousands digit of 1573176086?
6
What is the units digit of 1662967631?
1
What is the tens digit of 301570323?
2
What is the ten millions digit of 89257074?
8
What is the ten millions digit of 380862958?
8
What is the millions digit of 37687913?
7
What is the tens digit of 91554990?
9
What is the ten millions digit o